 highest common factor of 2422 and 20414?
346
What is the highest common divisor of 324 and 20?
4
Calculate the highest common factor of 2829 and 122.
1
Calculate the greatest common factor of 249862 and 2168.
542
What is the greatest common divisor of 1357488 and 8570?
1714
What is the highest common divisor of 14 and 41867?
7
Calculate the highest common factor of 40 and 320.
40
What is the highest common factor of 8120 and 2212?
28
Calculate the highest common divisor of 803 and 140963.
73
Calculate the greatest common divisor of 5719350 and 126.
42
What is the highest common factor of 29069 and 1025?
41
What is the greatest common divisor of 11630 and 190?
10
Calculate the highest common divisor of 3224 and 6262.
62
What is the highest common factor of 26080 and 13203?
163
Calculate the greatest common divisor of 600 and 9139400.
200
Calculate the highest common divisor of 49 and 8750.
7
What is the highest common factor of 153 and 92803?
17
Calculate the highest common divisor of 21 and 114786.
21
Calculate the greatest common factor of 5377 and 1577.
19
What is the highest common divisor of 302 and 208531?
151
What is the highest common factor of 29178 and 3708?
18
Calculate the greatest common factor of 56867 and 117629.
779
Calculate the greatest common divisor of 1573 and 133221.
121
Calculate the highest common divisor of 109686 and 12.
6
What is the highest common factor of 20004552 and 12?
12
Calculate the highest common factor of 26 and 16228.
2
What is the greatest common divisor of 786 and 14092194?
786
What is the highest common factor of 30 and 415218?
6
What is the greatest common divisor of 273 and 1008189?
273
What is the highest common divisor of 17 and 442357?
17
What is the greatest common divisor of 4179 and 20298?
597
Calculate the highest common divisor of 93109 and 255.
17
Calculate the greatest common factor of 759 and 152053.
253
What is the greatest common factor of 23245 and 55?
5
Calculate the highest common divisor of 36 and 2114628.
12
What is the highest common divisor of 77502 and 18?
6
What is the highest common divisor of 88313 and 47?
47
Calculate the highest common factor of 14783482 and 596.
298
Calculate the highest common factor of 62796 and 6.
6
What is the highest common divisor of 173104 and 256?
16
What is the greatest common factor of 216 and 5952?
24
What is the greatest common divisor of 27058 and 498?
166
Calculate the greatest common divisor of 81645 and 15.
15
What is the greatest common divisor of 2970 and 124630?
110
Calculate the highest common factor of 27 and 5001.
3
What is the greatest common divisor of 403 and 1784019?
31
Calculate the highest common factor of 401 and 169.
1
What is the highest common factor of 205 and 38704?
41
What is the highest common divisor of 40 and 17780?
20
What is the highest common factor of 25494 and 168?
42
What is the greatest common factor of 2492 and 103124?
28
Calculate the highest common factor of 3755 and 1827934.
751
Calculate the highest common factor of 17767 and 4727.
163
Calculate the greatest common divisor of 204 and 577456.
68
What is the highest common divisor of 8035754 and 212?
106
Calculate the greatest common factor of 854 and 3220.
14
Calculate the greatest common factor of 1274 and 26663.
91
Calculate the highest common divisor of 2688 and 4226432.
896
What is the highest common divisor of 242 and 142901?
121
Calculate the greatest common factor of 5321575 and 1316.
329
Calculate the greatest common divisor of 638 and 1782.
22
What is the greatest common divisor of 31434 and 175422?
1014
Calculate the highest common divisor of 45225 and 1608.
201
Calculate the greatest common factor of 25456 and 185.
37
What is the greatest common divisor of 5660 and 112634?
566
Calculate the greatest common factor of 53 and 1527513.
53
What is the greatest common divisor of 15533 and 343?
49
Calculate the highest common factor of 116 and 99644.
116
Calculate the highest common divisor of 56 and 905044.
28
What is the highest common divisor of 48475 and 350?
175
Calculate the greatest common divisor of 109563 and 3009.
177
What is the highest common divisor of 144 and 365616?
144
Calculate the greatest common divisor of 27 and 6861.
3
What is the highest common factor of 124510 and 80?
10
What is the greatest common divisor of 266610 and 210?
30
Calculate the highest common divisor of 81 and 8802.
27
What is the greatest common divisor of 2820395 and 145?
145
Calculate the greatest common factor of 1552 and 2813.
97
Calculate the highest common divisor of 1573630 and 10.
10
Calculate the highest common factor of 675475 and 4100.
1025
Calculate the greatest common factor of 6764 and 3724.
76
What is the greatest common divisor of 2167520 and 16?
16
Calculate the greatest common factor of 94333 and 85.
17
Calculate the greatest common divisor of 308 and 132412.
28
Calculate the highest common factor of 2148495 and 30.
15
Calculate the greatest common factor of 1794 and 3082690.
598
What is the greatest common divisor of 204 and 136068?
204
What is the greatest common divisor of 267 and 11392?
89
Calculate the highest common divisor of 991 and 160.
1
Calculate the highest common divisor of 21 and 1227261.
21
Calculate the greatest common divisor of 594 and 6879.
3
What is the highest common divisor of 1843 and 19817779?
1843
What is the greatest common factor of 5 and 2640005?
5
Calculate the greatest common divisor of 345 and 156423.
69
What is the greatest common divisor of 65928 and 67?
67
What is the greatest common divisor of 7968 and 9213?
249
What is the greatest common factor of 684 and 65094?
114
Calculate the greatest common divisor of 63 and 369481.
7
Calculate the highest common factor of 39 and 16822.
13
What is the greatest common factor of 1782 and 533709?
891
Calculate the greatest common factor of 3185 and 62573.
49
What is the greatest common divisor of 72 and 50508?
36
What is the highest common factor of 3346 and 1182094?
478
Calculate the highest common factor of 6250 and 345.
5
Calculate the greatest common divisor of 285 and 992085.
285
Calculate the highest common divisor of 560 and 181244.
28
Calculate the highest common factor of 2561 and 416.
13
Calculate the greatest common factor of 28916 and 6.
2
Calculate the highest common divisor of 84054 and 18.
6
Calculate the highest common factor of 1819 and 12640231.
1819
Calculate the greatest common factor of 56 and 1336664.
56
What is the highest common factor of 680 and 389720?
40
Calculate the greatest common divisor of 50 and 3298550.
50
Calculate the highest common divisor of 515 and 824.
103
What is the greatest common divisor of 112 and 618352?
112
Calculate the highest common divisor of 79612 and 520.
52
What is the greatest common factor of 18012 and 5214?
474
What is the highest common factor of 4627755 and 495?
495
Calculate the highest common factor of 40007 and 9152.
11
Calculate the greatest common divisor of 36078 and 287.
7
Calculate the greatest common factor of 70 and 80120.
10
What is the greatest common divisor of 4736 and 54992?
16
Calculate the greatest common factor of 70 and 9110.
10
What is the highest common divisor of 154 and 42?
14
Calculate the greatest common factor of 1898 and 37376.
146
Calculate the greatest common divisor of 413175 and 1050.
525
Calculate the highest common divisor of 426 and 47002.
142
What is the greatest common factor of 1382546 and 638?
638
What is the greatest common divisor of 79807 and 182?
91
Calculate the highest common divisor of 493 and 13719.
17
What is the highest common factor of 612 and 253674?
306
What is the greatest common divisor of 35909 and 745?
149
What is the greatest common factor of 351 and 1270113?
39
Calculate the greatest common factor of 3737 and 6660.
37
Calculate the highest common factor of 1261118 and 2.
2
Calculate the highest common factor of 5786 and 1052.
526
Calculate the highest common factor of 3240 and 20979.
81
What is the highest common factor of 23902 and 51578?
1258
What is the highest common divisor of 325 and 194805?
65
Calculate the greatest common divisor of 243 and 15489.
9
Calculate the highest common divisor of 23496 and 33108.
1068
Calculate the highest common factor of 492